34
Let r(n) = 6*n**3 - 607*n**2 - 1116*n - 1732. What is r(103)?
19
Let w(k) = 13*k**3 + 614*k**2 + 186*k + 2097. Determine w(-47).
-18
Let x(b) = 2*b**3 + 5*b**2 - 476*b + 197. What is x(14)?
1
Let o(q) = -3*q**2 - 355*q - 1175. Determine o(-115).
-25
Let p(a) = a**3 - 137*a**2 - 1130*a + 245. Give p(-8).
5
Let x(c) = 19100*c - 57302. Give x(3).
-2
Let z(f) = -39*f**2 + 721*f + 1576. Determine z(21).
-482
Let q(y) = 2158*y + 1993. Determine q(-3).
-4481
Let x(a) = -a**3 + 22*a**2 + 144*a + 40. What is x(-5)?
-5
Let c(m) = 16*m**3 - 27*m**2 + 13*m - 30. Determine c(2).
16
Let o(m) = -3*m**3 + 132*m**2 - 1214*m - 1312. Determine o(30).
68
Let t(w) = 6*w**2 + 4920*w - 95628. Give t(19).
18
Let l(d) = d**3 - d**2 + 183*d - 14. Give l(0).
-14
Let g(k) = 9550*k + 668555. Give g(-70).
55
Let y(v) = 365*v + 6067. What is y(-17)?
-138
Let v(o) = 33629*o + 3598318. What is v(-107)?
15
Let v(x) = 83*x**2 + 52*x + 145. Determine v(-2).
373
Let l(a) = -a**3 + 10*a**2 + 349*a - 1462. Determine l(4).
30
Let z(o) = 6571*o - 1721458. Calculate z(262).
144
Let j(x) = 2873*x - 20127. Determine j(7).
-16
Let i(h) = 20*h**3 - 263*h**2 - 43*h + 1052. What is i(13)?
-14
Let c(s) = -s**2 - 489*s + 3421. Give c(7).
-51
Let w(h) = -h**3 + 174*h**2 - 8986*h + 1524656. Calculate w(173).
7
Let o(v) = -28593*v + 285840. What is o(10)?
-90
Let d(p) = -110*p**2 + 3081*p - 127. Calculate d(28).
-99
Let a(t) = -817753*t + 4088757. Determine a(5).
-8
Let h(x) = -3*x**2 + 1592*x - 9635. Calculate h(6).
-191
Let g(o) = 2*o**3 - 398*o**2 + 11999*o - 398. Give g(37).
9
Let a(t) = 99*t**3 - 520*t**2 + 70*t + 265. Determine a(5).
-10
Let s(o) = -1204*o + 7545. What is s(7)?
-883
Let y(v) = 147*v - 3675. Give y(23).
-294
Let q(b) = -3*b**2 + 272*b + 4356. Determine q(105).
-159
Let i(m) = -29951*m + 119815. What is i(4)?
11
Let b(l) = -l**3 + 16*l**2 - 1084*l + 14778. Determine b(14).
-6
Let w(a) = -1320*a + 17900. Calculate w(14).
-580
Let j(y) = -851*y + 13618. What is j(16)?
2
Let n(x) = -28*x**2 - 387*x - 2750. Give n(-7).
-1413
Let k(t) = t**3 - 61*t**2 + 877*t + 1155. Give k(35).
0
Let i(g) = -6*g**2 + 25*g + 79. What is i(8)?
-105
Let f(l) = -6*l**2 + 78*l - 545. Determine f(11).
-413
Let s(o) = 11*o**2 - 421*o + 3976. Determine s(18).
-38
Let r(f) = -421*f + 27874. Give r(65).
509
Let m(h) = -h**2 + 2069*h - 14439. What is m(2062)?
-5
Let u(l) = 3*l**3 + 42*l**2 - 2424*l - 1742. Determine u(-36).
-14
Let q(g) = -g**3 + 54*g**2 - 618*g + 225. Give q(15).
-270
Let r(b) = 2*b**2 + 186*b + 692. Calculate r(-89).
-20
Let h(d) = -2*d**2 + 419*d + 10275. Give h(-24).
-933
Let q(v) = -519*v**2 - 21*v - 45. What is q(-2)?
-2079
Let x(l) = 2791*l - 33581. What is x(12)?
-89
Let x(k) = -k**3 - 34*k**2 - 68*k - 81. Give x(-32).
47
Let o(s) = -113*s**2 + 442*s + 31. Calculate o(4).
-9
Let z(x) = x**3 + 96*x**2 + 264*x - 45190. Give z(-87).
-37
Let b(n) = -70*n + 2545. Give b(15).
1495
Let c(s) = s**3 - 898*s - 79. Calculate c(-30).
-139
Let m(i) = 2*i**3 - 17*i**2 + 257*i - 1337. Give m(6).
25
Let d(b) = -5*b**2 + 29*b - 149. Calculate d(13).
-617
Let o(z) = -54*z**2 - 423*z - 31. Determine o(-8).
-103
Let c(m) = -655*m - 61446. Give c(-93).
-531
Let d(v) = 1889*v + 37. What is d(0)?
37
Let y(o) = -o**2 - 97*o + 681. Give y(-85).
1701
Let u(m) = m**3 - 17*m**2 + 193509*m - 3677392. Determine u(19).
1
Let d(c) = -c**3 + 113*c**2 + 1099*c - 94. Determine d(122).
28
Let x(i) = -i**2 + 719*i - 43799. Determine x(72).
2785
Let t(k) = 2046*k - 8065. What is t(4)?
119
Let f(b) = 340*b**2 - 695*b - 7. Calculate f(3).
968
Let j(p) = -8*p**2 + 30*p + 48. What is j(-5)?
-302
Let m(p) = -31904*p + 957125. Calculate m(30).
5
Let w(j) = 67502*j - 1485045. Calculate w(22).
-1
Let p(f) = 941*f - 6335. Determine p(6).
-689
Let h(r) = -5*r**2 + 5327*r - 42539. What is h(8)?
-243
Let l(c) = c**3 - 241*c**2 + 13609*c - 1541. Give l(90).
169
Let u(h) = -2007*h - 98343. Give u(-49).
0
Let x(h) = -11*h**2 + 5083*h + 94539. Give x(480).
-21
Let s(y) = 12*y**2 + 5998*y - 105434. Give s(17).
0
Let d(x) = -x**3 - 212*x**2 + 112*x - 21532. Calculate d(-213).
-19
Let t(y) = 2*y**2 - 26281*y - 210387. Determine t(-8).
-11
Let m(o) = -o**2 - 238*o - 6061. What is m(-29)?
0
Let w(q) = q**2 - 89*q + 1315. Calculate w(22).
-159
Let u(p) = -p**3 + 46*p**2 - 8474*p + 411393. What is u(48)?
33
Let m(w) = -3*w**3 - 282*w**2 - 2074*w - 870. Give m(-86).
-10
Let z(p) = 2*p**2 + 369*p - 26645. What is z(-240)?
-5
Let x(p) = -3238*p + 10072. Determine x(3).
358
Let v(c) = 2*c**3 + 114*c**2 + 560*c + 2103. Calculate v(-52).
23
Let w(f) = -3733*f + 63. Give w(0).
63
Let s(j) = 161*j + 45252. What is s(-281)?
11
Let m(a) = 213*a**2 + 2159*a - 2159. Give m(1).
213
Let n(s) = s**3 - 177*s**2 - 1599*s - 13952. Calculate n(186).
-2
Let n(c) = -388*c + 16080. Calculate n(41).
172
Let i(u) = 37*u**3 - 20*u**2 - 120*u - 25. Calculate i(-3).
-844
Let l(v) = 45664*v - 547925. Calculate l(12).
43
Let f(r) = -r**3 + 9*r**2 - 3721*r + 18554. Give f(5).
49
Let x(v) = v**2 - 1228*v - 41737. Calculate x(-33).
-124
Let o(f) = 1390*f + 8311. Give o(-6).
-29
Let d(z) = -128742*z + 146. What is d(0)?
146
Let b(z) = -206755*z - 413532. Give b(-2).
-22
Let i(x) = -15*x**2 + 1738*x - 448. Determine i(115).
1047
Let u(g) = -1238*g - 4986. Calculate u(-4).
-34
Let x(i) = -2*i**3 + 44*i**2 - 253*i + 227. Give x(8).
-5
Let j(k) = -1503*k**2 + 390778*k + 571. What is j(260)?
51
Let n(g) = 2*g**3 - 1431*g**2 + 20325*g + 2738. Calculate n(701).
-66
Let y(j) = j**2 - 4157*j - 517642. Determine y(-121).
-4
Let j(q) = -31103*q**2 + 31104*q + 7. Give j(1).
8
Let o(p) = -p**3 - 534*p**2 + 4304*p - 17459. Determine o(-542).
-115
Let s(z) = -z**3 - 2815*z**2 + 28223*z + 34. Calculate s(10).
-236
Let c(v) = -13*v**2 + 1358*v - 19321. Calculate c(17).
8
Let v(n) = 612*n + 50182. Determine v(-83).
-614
Let b(r) = -28776*r - 402847. Give b(-14).
17
Let g(u) = 2*u**2 - 18*u - 404. Determine g(0).
-404
Let k(a) = 2*a**3 + 116*a**2 + 1074*a + 14. Give k(-10).
-1126
Let x(k) = -174*k + 12056. Determine x(71).
-298
Let v(g) = 60695*g - 1638791. Give v(27).
-26
Let g(p) = -35*p**2 + 74*p + 182. What is g(-2)?
-106
Let l(p) = -637*p + 1255. What is l(7)?
-3204
Let f(j) = -2021*j - 64771. Give f(-32).
-99
Let k(c) = 6*c**2 + 51*c - 245. Calculate k(7).
406
Let h(c) = -2*c**2 + 1701*c - 38. Calculate h(0).
-38
Let l(g) = 2659*g - 1345220. What is l(506)?
234
Let q(t) = 849*t + 45843. Calculate q(-54).
-3
Let l(w) = -23677*w - 47388. What is l(-2)?
-34
Let a(w) = -w**3 - 89*w**2 - 927*w - 26. Give a(-77).
205
Let a(l) = 22*l - 1712. Determine a(27).
-1118
Let h(b) = b**2 + 60*b + 457. Calculate h(-43).
-274
Let b(h) = -h**2 - 209*h + 98304. Determine b(-435).
-6
Let n(j) = -48*j**2 + 27*j - 52. Determine n(-3).
-565
Let k(w) = -80*w**2 - 135707*w - 45776. Determine k(-1696).
16
Let h(i) = 267053*i + 534090. What is h(-2)?
-16
Let m(l) = 7*l**2 - 177*l - 22120. Give m(-45).
20
Let g(y) = -22897*y + 206069. Determine g(9).
-4
Let v(n) = -2*n**2 + 388*n - 7813. Give v(22).
-245
Let k(y) = 128*y + 20623. Determine k(-160).
143
Let g(f) = 9*f**2 - 543*f + 355. Give g(59).
-353
Let s(c) = 20*c**2 - 624*c - 9095. Determine s(42).
-23
Let l(h) = h**3 - 112*h**2 - 5325*h - 670. Give l(148).
-226
Let k(u) = -455*u + 25960. Give k(57).
25
Let n(q) = -2*q**2 - 69*q - 233. Calculate n(-28).
131
Let n(u) = -3*u**2 - 142*u + 18285. Give n(-104).
605
Let c(p) = -52473*p + 4092887. Give c(78).
-7
Let x(u) = u**3 + 56*u**2 - 116*u - 1103. Determine x(-58).
-1103
Let r(d) = -192*d - 14003. Determine r(-51).
-4211
Let q(p) = -p**3 - 61*p**2 + 924*p + 42941. Give q(-65).
-219
Let f(d) = 168*d - 9559. Give f(57).
17
Let a(m) = 6*m**3 - 1507*m**2 - 1252*m - 1792. Determine a(252).
224
Let m(a) = -2*a**3 - 10*a**2 + 212*a - 485. Calculate m(6).
-5
Let p(h) = -25*h**2 - 147*h - 439. Determine p(-14).
-3281
Let p(j) = -1397*j**2 + 6931*j + 264. Determine p(5).
-6
Let a(z) = z**2 - 25179*z + 1682503. Calculate a(67).
-1
Let f(d) = -392*d + 8646. Give f(23).
-370
Let s(h) = -20*h**3 - 5126*h**2 + 3597*h - 255. Give s(-257).
2
Let r(o) = o**3 + 48*o**2 - 39416*o - 1423. Give r(176).
-15
Let i(g) = 13713*g + 67. Calculate i(0).
67
Let v(k) = -k**3 - 12*k**2 + 64*k + 207. Calculate v(-15).
-78
Let g(a) = -3